In base 2, what is -1000100 - -10011001?
1010101
In base 5, what is 1444 + 2?
2001
In base 6, what is -2111 - -15?
-2052
In base 15, what is -7bc6 + 1?
-7bc5
In base 3, what is -10212221 - -12?
-10212202
In base 7, what is 241 - 0?
241
In base 11, what is -3 - a68?
-a70
In base 9, what is 3 - 38?
-35
In base 14, what is 19 + -5?
14
In base 7, what is 1140 + 3?
1143
In base 2, what is 1100111001101 + 100?
1100111010001
In base 7, what is -122 - -4?
-115
In base 16, what is -20 - -5?
-1b
In base 8, what is 2 - 36?
-34
In base 14, what is -53 - -130?
bb
In base 11, what is a + -5?
5
In base 16, what is 2 - -4?
6
In base 6, what is 5304 + 2?
5310
In base 4, what is 10 + -11323?
-11313
In base 12, what is -27 - 1?
-28
In base 14, what is 5 + -5dc?
-5d7
In base 5, what is -321102 + 0?
-321102
In base 3, what is 1 - 1112211?
-1112210
In base 7, what is -201 - 6?
-210
In base 4, what is -1210 + 10?
-1200
In base 10, what is 33 - -12?
45
In base 12, what is a + 26b?
279
In base 11, what is -a + 22?
13
In base 6, what is -30 + 1152?
1122
In base 4, what is -20 + 11?
-3
In base 7, what is -36 + 362?
323
In base 15, what is 6 - 763?
-75c
In base 12, what is b3 - -5?
b8
In base 6, what is 3 - 244?
-241
In base 2, what is 11101110100100 + -10?
11101110100010
In base 7, what is -51 - 14?
-65
In base 3, what is 20 + 12?
102
In base 8, what is 17 + 33?
52
In base 11, what is 7 - 11?
-5
In base 2, what is 0 - -11000010?
11000010
In base 12, what is 81 - -5?
86
In base 8, what is 16 - 16?
0
In base 3, what is 2120102 - 12?
2120020
In base 13, what is 2 - -2667?
2669
In base 14, what is -36d - 5?
-374
In base 13, what is -91 + -c?
-a0
In base 11, what is -7 - -120?
114
In base 3, what is 1110 - 210000?
-201120
In base 6, what is -1453 - 1?
-1454
In base 11, what is 3 - -10?
13
In base 15, what is 1 - e8?
-e7
In base 13, what is -277 - -2?
-275
In base 9, what is 17 - 82?
-64
In base 4, what is -3 - 1220?
-1223
In base 4, what is -2220 + 3?
-2211
In base 9, what is 5 - 67?
-62
In base 6, what is 11 + 15023?
15034
In base 7, what is 15 - 110?
-62
In base 5, what is 43422 + 2?
43424
In base 7, what is -542 + -4?
-546
In base 7, what is 114450 - -3?
114453
In base 15, what is 187 + 9?
191
In base 5, what is -3424 + -210?
-4134
In base 14, what is 38 - -a7?
101
In base 4, what is 10 + -203203?
-203133
In base 12, what is 460 - -5?
465
In base 8, what is 5 - 1127?
-1122
In base 12, what is -71 - -45?
-28
In base 15, what is a9 + 3?
ac
In base 5, what is -21 + -40?
-111
In base 8, what is -17 + -27?
-46
In base 11, what is -58 - 4?
-61
In base 16, what is 22 + -b?
17
In base 12, what is 62 - -6?
68
In base 15, what is -c0 + -1?
-c1
In base 16, what is -e - 2?
-10
In base 12, what is 9 + 148?
155
In base 9, what is 8 + -7?
1
In base 7, what is -5035 - -5?
-5030
In base 5, what is -331 + 131?
-200
In base 7, what is -144 - -5?
-136
In base 12, what is -b - -b?
0
In base 9, what is -6 - -25?
18
In base 6, what is -4 - -21150?
21142
In base 2, what is -111 + 10000110?
1111111
In base 11, what is 161 + 3?
164
In base 14, what is 18 - 12?
6
In base 4, what is -1002310 - -11?
-1002233
In base 12, what is 119 - -4?
121
In base 9, what is -13 - 1070?
-1083
In base 13, what is -1 - 190c?
-1910
In base 5, what is -3211 + 0?
-3211
In base 16, what is -18a3 - -4?
-189f
In base 6, what is -442 + -1?
-443
In base 16, what is -2 - -36?
34
In base 4, what is 1 - 11323?
-11322
In base 7, what is 0 + -1030?
-1030
In base 3, what is -12 - -2001?
1212
In base 10, what is -108 - 0?
-108
In base 7, what is 0 + 350?
350
In base 16, what is -cf - 0?
-cf
In base 4, what is 11 + 1203?
1220
In base 15, what is 7 - -5?
c
In base 8, what is -14 + -13?
-27
In base 10, what is -14 - 540?
-554
In base 3, what is 0 + 2012?
2012
In base 4, what is 1 - -12233?
12300
In base 12, what is -4a11 - 0?
-4a11
In base 12, what is 129 - -2?
12b
In base 11, what is 26 + -12?
14
In base 6, what is 322 - -54?
420
In base 2, what is 1 - 101001100010?
-101001100001
In base 2, what is 1000011 - 1?
1000010
In base 7, what is -34214 + 1?
-34213
In base 6, what is 333 - 15?
314
In base 10, what is 17 - -282?
299
In base 11, what is 5 - a5?
-a0
In base 3, what is -10 + -102202?
-102212
In base 8, what is -11 - 12?
-23
In base 2, what is -1101110101 - -101?
-1101110000
In base 4, what is 11 - -1132?
1203
In base 2, what is 11101001 - 10101?
11010100
In base 16, what is 1181 - 0?
1181
In base 15, what is 5 + 1d?
23
In base 12, what is 4 + 31?
35
In base 7, what is 1 + -3231?
-3230
In base 4, what is -212 - -203?
-3
In base 4, what is 1 - 12223?
-12222
In base 13, what is 2 + -225?
-223
In base 15, what is d + -31?
-23
In base 9, what is -148 - -3?
-145
In base 4, what is -130 - -103?
-21
In base 5, what is 0 + -1000?
-1000
In base 15, what is -24 - -5?
-1e
In base 4, what is -333211 + -2?
-333213
In base 14, what is -b6 + -a?
-c2
In base 3, what is -11 - -2101?
2020
In base 6, what is 5 + -302?
-253
In base 15, what is 13 + 36?
49
In base 9, what is 234 - 2?
232
In base 9, what is 17 - 2?
15
In base 6, what is -20 + 430?
410
In base 4, what is 1 - 221001?
-221000
In base 11, what is -5a4 + 0?
-5a4
In base 11, what is 31a - 5?
315
In base 10, what is 202 + 3?
205
In base 15, what is -2 - -513?
511
In base 7, what is 4 - 145?
-141
In base 10, what is -65 - -2?
-63
In base 13, what is 1 - 21?
-20
In base 10, what is -4 - 766?
-770
In base 14, what is 1 + 4?
5
In base 8, what is 1 - 67?
-66
In base 8, what is 153 - -2?
155
In base 14, what is 4 + 675?
679
In base 4, what is 101012 + -1?
101011
In base 6, what is 52 - -15?
111
In base 7, what is 3 - 1214?
-1211
In base 9, what is 6 + -2?
4
In base 16, what is -d + 16?
9
In base 8, what is 135 - -3?
140
In base 9, what is 0 - -460?
460
In base 4, what is -22 - 10231?
-10313
In base 14, what is 28 + -6?
22
In base 5, what is 344 - 3?
341
In base 14, what is -5 - -555?
550
In base 13, what is 74 + 5?
79
In base 10, what is -2 + 1?
-1
In base 10, what is 4 + 935?
939
In base 3, what is 111 - -21000?
21111
In base 3, what is 12 + 20?
102
In base 15, what is -4 + -d2?
-d6
In base 16, what is 1 - 24f?
-24e
In base 14, what is b3 + 14?
c7
In base 11, what is 5 - -111?
116
In base 7, what is 1522 - 0?
1522
In base 15, what is -92 - 2?
-94
In base 5, what is 12340 + -31?
12304
In base 12, what is 98 + 1?
99
In base 6, what is 13 + 155?
212
In base 9, what is 266 - 6?
260
In base 16, what is ad - d?
a0
In base 3, what is -1012 + -11?
-1100
In base 6, what is -53 + -2?
-55
In base 3, what is 21212 - -1012?
100001
In base 6, what is -2242 + -5?
-2251
In base 3, what is -11200 + 0?
-11200
In base 12, what is -5 - -5a?
55
In base 14, what is -12 - 23?
-35
In base 16, what is 2e - f?
1f
In base 15, what is -2 - -11?
e
In base 12, what is -1 - -1121?
1120
In base 14, what is 19b3 - -3?
19b6
In base 16, what is 4662 + 4?
4666
In base 12, what is 11a - 10?
10a
In base 2, what is 100 + -1101001101?
-1101001001
In base 15, what is d46 + 3?
d49
In base 11, what is 477 + -4?
473
In base 7, what is -43 + 5?
-35
In base 8, what is 21113 + -4?
21107
In base 11, what is 195 - -3?
198
In base 8, what is 1 + -1277?
-1276
In base 5, what is -21 - -23?
2
In base 14, what is -1 + 14?
13
In base 5, what is 23 - 3312?
-3234
In base 5, what is 0 + 224?
224
In base 12, what is -24 + -9?
-31
In base 9, what is -44242 - -1?
-44241
In base 3, what is -12011 + -110?
-12121
In base 12, what is -91 - 8b?
-160
In base 16, what is a6 + 70?
116
In base 7, what is 30 - 155?
-125
In base 4, what is 22 + -121321?
-121233
In base 2, what is -1000101010100 + 0?
-1000101010100
In base 14, what is 8 - -17?
21
In base 13, what is 7 - -34?
3b
In base 5, what is -2 - 133?
-140
In base 2, what is -1 - -111101?
111100
In base 15, what is -1c - -4?
-18
In base 6, what is 324 + -5?
315
In base 3, what is -11102111 + -12?
-11102200
In base 10, what is -1837 + 3?
-1834
In base 2, what is -101 - -101110010?
101101101
In base 12, what is -11a1 + 4?
-1199
In base 13, what is -3 - -75?
72
In base 14, what is -119c - 3?
-11a1
In base 10, what is -2721 + 1?
-2720
In base 12, what is 1a7 + -4?
1a3
In base 13, what is -158 - 2?
-15a
In base 15, what is -27b + 2?
-279
In base 2, what is 100 + -10101100000?
-10101011100
In base 11, what is 4 - -